ase 8) to base 14
-4
-1 (base 16) to base 14
-1
-1 (base 4) to base 6
-1
50 (base 10) to base 7
101
36 (base 7) to base 15
1c
Convert -565 (base 7) to base 9.
-354
What is 17 (base 11) in base 5?
33
What is -3 (base 14) in base 5?
-3
What is -12 (base 6) in base 10?
-8
Convert 10101110 (base 2) to base 12.
126
What is -211 (base 4) in base 8?
-45
-21 (base 4) to base 5
-14
Convert 1110011 (base 2) to base 13.
8b
4 (base 7) to base 13
4
What is -c (base 14) in base 13?
-c
1 (base 13) to base 14
1
What is -32 (base 7) in base 3?
-212
What is -120 (base 5) in base 4?
-203
6 (base 16) to base 5
11
Convert 0 (base 14) to base 8.
0
11112 (base 3) to base 14
8a
Convert -4 (base 11) to base 13.
-4
Convert 261 (base 8) to base 2.
10110001
3 (base 8) to base 15
3
25 (base 7) to base 14
15
What is 101 (base 2) in base 16?
5
What is 6 (base 9) in base 7?
6
Convert 543 (base 7) to base 13.
183
Convert -4 (base 7) to base 15.
-4
What is 3 (base 5) in base 12?
3
What is -221 (base 8) in base 6?
-401
Convert -276 (base 11) to base 8.
-505
2 (base 4) to base 9
2
Convert -100001 (base 2) to base 3.
-1020
-10 (base 2) to base 3
-2
What is 47 (base 14) in base 10?
63
What is ad (base 15) in base 5?
1123
-66 (base 8) to base 10
-54
What is 20 (base 15) in base 12?
26
Convert -1312 (base 4) to base 15.
-7d
Convert 0 (base 6) to base 8.
0
Convert -146 (base 8) to base 13.
-7b
-11 (base 7) to base 15
-8
What is -6 (base 7) in base 13?
-6
-40 (base 5) to base 3
-202
Convert -7 (base 15) to base 7.
-10
What is 22 (base 12) in base 11?
24
What is -1033 (base 6) in base 5?
-1422
-1 (base 12) to base 3
-1
Convert 111 (base 2) to base 6.
11
-312 (base 7) to base 6
-420
What is 3 (base 16) in base 13?
3
Convert 18 (base 14) to base 2.
10110
Convert -12 (base 5) to base 12.
-7
10111010 (base 2) to base 5
1221
What is -24 (base 15) in base 4?
-202
-2 (base 4) to base 12
-2
52 (base 6) to base 12
28
What is -5 (base 16) in base 4?
-11
3b (base 14) to base 13
41
-3 (base 7) to base 14
-3
Convert -5 (base 14) to base 10.
-5
3 (base 10) to base 4
3
-1 (base 5) to base 16
-1
-43 (base 9) to base 11
-36
26 (base 7) to base 15
15
Convert -7 (base 8) to base 11.
-7
What is -3 (base 8) in base 2?
-11
-12 (base 3) to base 16
-5
-7 (base 16) to base 12
-7
What is 14 (base 13) in base 5?
32
Convert 0 (base 16) to base 6.
0
What is -122 (base 3) in base 12?
-15
4 (base 5) to base 12
4
Convert -18c (base 15) to base 9.
-436
Convert -1111110 (base 2) to base 3.
-11200
What is -8 (base 9) in base 14?
-8
What is 5 (base 7) in base 16?
5
Convert 1 (base 3) to base 5.
1
0 (base 9) to base 5
0
Convert -304 (base 9) to base 4.
-3313
Convert 1b (base 12) to base 15.
18
525 (base 7) to base 2
100001000
What is -3 (base 9) in base 3?
-10
Convert -4 (base 15) to base 6.
-4
What is 2222 (base 4) in base 8?
252
What is 43 (base 5) in base 3?
212
-1 (base 14) to base 15
-1
Convert 2 (base 4) to base 16.
2
224 (base 8) to base 13
b5
What is -12 (base 12) in base 13?
-11
What is -2 (base 12) in base 14?
-2
8 (base 15) to base 5
13
What is -3 (base 12) in base 10?
-3
Convert 29 (base 15) to base 7.
54
Convert -49 (base 13) to base 5.
-221
-31 (base 5) to base 4
-100
What is -53 (base 10) in base 5?
-203
What is 3 (base 5) in base 15?
3
Convert 4 (base 16) to base 6.
4
-17 (base 9) to base 10
-16
Convert 212 (base 8) to base 11.
116
a (base 14) to base 6
14
-1221 (base 3) to base 5
-202
11 (base 8) to base 15
9
1143 (base 5) to base 2
10101101
Convert -6 (base 10) to base 6.
-10
Convert 10 (base 14) to base 9.
15
0 (base 15) to base 14
0
Convert -11001 (base 2) to base 5.
-100
Convert -37 (base 9) to base 14.
-26
Convert -43 (base 5) to base 8.
-27
Convert -102 (base 5) to base 16.
-1b
What is -33 (base 8) in base 11?
-25
Convert 44 (base 5) to base 2.
11000
What is 59 (base 12) in base 16?
45
Convert -330 (base 6) to base 14.
-90
Convert -11 (base 4) to base 8.
-5
-8 (base 12) to base 9
-8
What is -100 (base 3) in base 6?
-13
Convert 71 (base 9) to base 8.
100
Convert -13 (base 4) to base 16.
-7
-4 (base 14) to base 6
-4
4 (base 11) to base 5
4
Convert -10 (base 5) to base 16.
-5
Convert -10000 (base 2) to base 3.
-121
19 (base 13) to base 4
112
Convert 2 (base 16) to base 13.
2
What is -4 (base 6) in base 12?
-4
16 (base 14) to base 12
18
-179 (base 12) to base 13
-153
Convert 0 (base 7) to base 15.
0
What is c (base 15) in base 8?
14
What is -3 (base 7) in base 2?
-11
What is 36 (base 8) in base 7?
42
1 (base 5) to base 3
1
Convert -103 (base 4) to base 15.
-14
-3 (base 6) to base 4
-3
What is -2 (base 13) in base 12?
-2
-5 (base 9) to base 13
-5
Convert 96 (base 15) to base 11.
119
3102 (base 4) to base 13
132
Convert -96 (base 11) to base 8.
-151
What is 1110 (base 2) in base 8?
16
What is 1 (base 2) in base 8?
1
Convert -1313 (base 4) to base 3.
-11102
What is -1 (base 3) in base 13?
-1
What is 4 (base 9) in base 10?
4
Convert 203 (base 9) to base 11.
140
-1202 (base 4) to base 7
-200
What is -13 (base 8) in base 7?
-14
What is 2d (base 16) in base 14?
33
Convert -22 (base 14) to base 15.
-20
What is -19e (base 15) in base 9?
-455
2d (base 15) to base 4
223
Convert -9 (base 12) to base 14.
-9
-211 (base 9) to base 16
-ac
Convert 12 (base 3) to base 5.
10
-a (base 16) to base 3
-101
79 (base 11) to base 8
126
Convert -1 (base 2) to base 5.
-1
0 (base 14) to base 12
0
-14 (base 14) to base 3
-200
What is -d (base 14) in base 6?
-21
Convert 2100 (base 3) to base 11.
58
Convert -262 (base 8) to base 9.
-217
-3012 (base 4) to base 6
-530
Convert -19 (base 16) to base 6.
-41
-29 (base 15) to base 16
-27
What is -2 (base 15) in base 5?
-2
What is -7 (base 16) in base 4?
-13
Convert -23 (base 12) to base 11.
-25
-14 (base 9) to base 15
-d
Convert 102012 (base 3) to base 16.
12e
Convert -1 (base 8) to base 11.
-1
What is -444 (base 8) in base 12?
-204
Convert -1211 (base 4) to base 14.
-73
What is 4 (base 9) in base 3?
11
What is -125 (base 9) in base 11?
-95
0 (base 13) to base 16
0
Convert -7 (base 11) to base 13.
-7
Convert 3 (base 5) to base 16.
3
What is -5 (base 15) in base 7?
-5
-93 (base 10) to base 12
-79
What is 1213 (base 4) in base 3?
10211
Convert -302 (base 4) to base 12.
-42
Convert -16 (base 12) to base 8.
-22
Convert -39 (base 15) to base 6.
-130
2 (base 7) to base 10
2
Convert -1211 (base 3) to base 6.
-121
3 (base 14) to base 4
3
What is -31 (base 12) in base 13?
-2b
Convert -65 (base 7) to base 6.
-115
-172 (base 9) to base 4
-2102
What is b (base 13) in base 6?
15
What is -3 (base 9) in base 10?
-3
What is 131 (base 4) in base 9?
32
Convert -39 (base 12) to base 3.
-1200
What is 1a3 (base 13) in base 10?
302
143 (base 5) to base 3
1210
What is 5 (base 14) in base 15?
5
Convert 5 (base 13) to base 14.
5
What is 19 (base 13) in base 16?
16
What is 14 (base 12) in base 7?
22
What is -120 (base 13) in base 2?
-11000011
-10 (base 6) to base 14
-6
What is -110 (base 2) in base 11?
-6
55 (base 14) to base 2
1001011
0 (base 11) to base 6
0
10001 (base 2) to base 14
13
10 (base 2) to base 6
2
Convert -3 (base 12) to base 13.
-3
164 (base 8) to base 7
224
-138 (base 16) to base 6
-1240
Convert 40 (base 6) to base 2.
11000
What is -1111 (base 3) in base 16?
-28
-16 (base 14) to base 11
-19
Convert 72 (base 16) to base 3.
11020
Convert -12 (base 14) to base 13.
-13
153 (base 11) to base 14
cb
What is -2 (base 16) in base 9?
-2
110 (base 3) to base 8
14
Convert 302 (base 4) to base 16.
32
Convert -214 (base 10) to base 6.
-554
-21 (base 9) to base 12
-17
-10031 (base 4) to base 5
-2034
Convert 41 (base 5) to base 16.
15
Convert 212 (base 4) to base 16.
26
1510 (base 6) to base 16
192
-11011111 (base 2) to base 15
-ed
What is -19 (base 15) in base 8?
-30
Convert -120 (base 4) to base 3.
-220
Convert 16 (base 13) to base 12.
17
Convert 11 (base 4) to base 13.
5
1120 (base 5) to base 10
160
Convert 253 (base 7) to base 3.
12001
Convert 2a (base 11) to base 13.
26
Convert 111001 (base 2) to base 13.
45
Convert 17 (base 8) to base 10.
15
Convert 1013 (base 4) to base 3.
2122
Convert 50 (base 6) to base 4.
132
What is 74 (base 13) in base 3?
10112
134 (base 7) to base 6
202
What is -120 (base 4) in base 16?
-18
40 (base 8) to base 4
200
10 (base 3) to base 4
3
What is -1101100 (base 2) in base 4?
-1230
